, 7, 11, 31
List the prime factors of 10383349.
10383349
List the prime factors of 1018787.
7, 11, 101, 131
List the prime factors of 8633304.
2, 3, 4441
List the prime factors of 4150699.
7, 223, 2659
List the prime factors of 4001033.
661, 6053
List the prime factors of 956988.
2, 3, 8861
List the prime factors of 598431.
3, 43, 4639
What are the prime factors of 6121315?
5, 79, 15497
What are the prime factors of 12750128?
2, 83, 9601
List the prime factors of 6581754.
2, 3, 17, 137, 157
What are the prime factors of 2548130?
2, 5, 13, 17, 1153
List the prime factors of 1664573.
43, 38711
What are the prime factors of 2984933?
7, 60917
What are the prime factors of 1108444?
2, 181, 1531
List the prime factors of 1785145.
5, 19, 23, 43
What are the prime factors of 58942?
2, 13, 2267
List the prime factors of 47436.
2, 3, 59, 67
List the prime factors of 866308.
2, 216577
List the prime factors of 19472973.
3, 13, 17, 23, 1277
What are the prime factors of 22583?
11, 2053
What are the prime factors of 1842243?
3, 13, 47237
List the prime factors of 84458.
2, 11, 349
List the prime factors of 152198.
2, 76099
List the prime factors of 106131.
3, 17, 2081
What are the prime factors of 2354071?
137, 17183
What are the prime factors of 781148?
2, 401, 487
List the prime factors of 2465853.
3, 13, 23, 2749
What are the prime factors of 88690?
2, 5, 7, 181
What are the prime factors of 1818503?
29, 73, 859
What are the prime factors of 17582791?
17582791
List the prime factors of 952718.
2, 13, 36643
List the prime factors of 3852735.
3, 5, 113, 2273
What are the prime factors of 26618226?
2, 3, 17, 163, 1601
What are the prime factors of 20431451?
20431451
What are the prime factors of 693864?
2, 3, 23, 419
What are the prime factors of 618730?
2, 5, 7, 8839
What are the prime factors of 8239115?
5, 53, 31091
List the prime factors of 5080338.
2, 3, 282241
List the prime factors of 191166.
2, 3, 151, 211
What are the prime factors of 3144379?
7, 64171
List the prime factors of 690924.
2, 3, 13, 43, 103
List the prime factors of 2629229.
1553, 1693
List the prime factors of 7251521.
19, 381659
What are the prime factors of 1640908?
2, 17, 59, 409
List the prime factors of 175484.
2, 19, 2309
What are the prime factors of 1636912?
2, 263, 389
List the prime factors of 17412609.
3, 5804203
List the prime factors of 54787.
54787
List the prime factors of 287555.
5, 17, 199
List the prime factors of 12907618.
2, 6453809
What are the prime factors of 30156?
2, 3, 7, 359
What are the prime factors of 2369690?
2, 5, 23, 10303
What are the prime factors of 1681312?
2, 52541
List the prime factors of 774551.
774551
List the prime factors of 20512.
2, 641
What are the prime factors of 179644?
2, 97, 463
List the prime factors of 18085647.
3, 29, 47, 4423
What are the prime factors of 6050314?
2, 37, 81761
What are the prime factors of 153314?
2, 7, 47, 233
List the prime factors of 1688040.
2, 3, 5, 521
What are the prime factors of 441657?
3, 31, 1583
What are the prime factors of 180088?
2, 22511
What are the prime factors of 360654?
2, 3, 7, 31, 277
List the prime factors of 612075.
3, 5, 8161
List the prime factors of 413936.
2, 41, 631
What are the prime factors of 2635723?
29, 90887
List the prime factors of 215507.
215507
List the prime factors of 1391505.
3, 5, 92767
List the prime factors of 119282.
2, 19, 43, 73
List the prime factors of 2327479.
7, 11, 167, 181
List the prime factors of 627161.
31, 20231
What are the prime factors of 4175122?
2, 7, 298223
What are the prime factors of 4802804?
2, 1200701
List the prime factors of 8992739.
7, 37, 34721
What are the prime factors of 14350699?
11, 1304609
What are the prime factors of 486126?
2, 3, 113, 239
List the prime factors of 826521.
3, 137, 2011
What are the prime factors of 238828?
2, 59707
What are the prime factors of 300351?
3, 53, 1889
List the prime factors of 954683.
67, 14249
List the prime factors of 2378652.
2, 3, 198221
List the prime factors of 436563.
3, 19, 23, 37
List the prime factors of 91273.
7, 13, 17, 59
List the prime factors of 459690.
2, 3, 5, 7, 11, 199
What are the prime factors of 17804435?
5, 11, 323717
List the prime factors of 369891.
3, 73, 563
What are the prime factors of 33550983?
3, 1242629
What are the prime factors of 272318?
2, 47, 2897
What are the prime factors of 286847?
11, 89, 293
List the prime factors of 830928.
2, 3, 7, 2473
What are the prime factors of 251024?
2, 29, 541
List the prime factors of 111032.
2, 13879
What are the prime factors of 129220?
2, 5, 7, 13, 71
List the prime factors of 362400.
2, 3, 5, 151
List the prime factors of 815722.
2, 407861
List the prime factors of 4814552.
2, 601819
List the prime factors of 224691.
3, 74897
What are the prime factors of 1096229?
29, 103, 367
What are the prime factors of 616167?
3, 7607
List the prime factors of 398034.
2, 3, 7, 13
What are the prime factors of 25500637?
103, 247579
List the prime factors of 2454253.
2454253
List the prime factors of 219859.
43, 5113
List the prime factors of 210979.
23, 9173
What are the prime factors of 2166826?
2, 397, 2729
List the prime factors of 849271.
849271
List the prime factors of 3901066.
2, 13, 150041
What are the prime factors of 2120846?
2, 7, 13, 43, 271
List the prime factors of 418690.
2, 5, 149, 281
What are the prime factors of 1368182?
2, 684091
What are the prime factors of 188986?
2, 7, 13499
List the prime factors of 170303.
7, 24329
What are the prime factors of 5828793?
3, 193, 10067
List the prime factors of 6149701.
389, 15809
What are the prime factors of 572952?
2, 3, 23873
What are the prime factors of 4037493?
3, 491, 2741
List the prime factors of 35714139.
3, 31, 37, 97, 107
List the prime factors of 2676148.
2, 43, 15559
What are the prime factors of 484844?
2, 53, 2287
What are the prime factors of 8609473?
8609473
What are the prime factors of 2747406?
2, 3, 31, 14771
What are the prime factors of 2737519?
37, 241, 307
List the prime factors of 3834955.
5, 43, 17837
List the prime factors of 351031.
351031
What are the prime factors of 16363347?
3, 7, 11, 13, 5449
What are the prime factors of 30742?
2, 19, 809
What are the prime factors of 861964?
2, 113, 1907
What are the prime factors of 1688176?
2, 7, 15073
What are the prime factors of 4960330?
2, 5, 19, 26107
What are the prime factors of 140464?
2, 8779
List the prime factors of 420982.
2, 210491
List the prime factors of 334248.
2, 3, 19, 733
What are the prime factors of 473819?
199, 2381
List the prime factors of 23699249.
7, 379, 8933
List the prime factors of 172998.
2, 3, 7, 1373
What are the prime factors of 11896508?
2, 13, 19, 12041
List the prime factors of 183099.
3, 7, 8719
List the prime factors of 24683367.
3, 8227789
What are the prime factors of 16839514?
2, 37, 227561
What are the prime factors of 1617480?
2, 3, 5, 4493
What are the prime factors of 1364200?
2, 5, 19, 359
List the prime factors of 3272458.
2, 7, 233747
List the prime factors of 2891125.
5, 101, 229
List the prime factors of 2300171.
509, 4519
What are the prime factors of 10612598?
2, 941, 5639
What are the prime factors of 4999347?
3, 185161
List the prime factors of 6074535.
3, 5, 404969
What are the prime factors of 486285?
3, 5, 17, 1907
List the prime factors of 195366.
2, 3, 32561
List the prime factors of 10933697.
197, 55501
List the prime factors of 257679.
3, 28631
List the prime factors of 4330043.
19, 349, 653
List the prime factors of 11046094.
2, 1087, 5081
List the prime factors of 33059098.
2, 16529549
List the prime factors of 77583.
3, 11, 2351
List the prime factors of 276275.
5, 43, 257
List the prime factors of 20913718.
2, 7, 19, 78623
What are the prime factors of 263058?
2, 3, 17, 2579
What are the prime factors of 229028?
2, 31, 1847
List the prime factors of 14034938.
2, 2237, 3137
List the prime factors of 357727.
357727
List the prime factors of 4459012.
2, 1114753
What are the prime factors of 118858?
2, 67, 887
What are the prime factors of 2181070?
2, 5, 218107
List the prime factors of 779317.
7, 11, 29, 349
What are the prime factors of 154163?
31, 4973
List the prime factors of 5127420.
2, 3, 5, 97, 881
What are the prime factors of 2623194?
2, 